0404433
In base 13, what is 12c + 36ba3?
37002
In base 6, what is 5 - 14541002301?
-14541002252
In base 2, what is -1110111101100110100111 - -10101?
-1110111101100110010010
In base 12, what is -273 - 2a185?
-2a438
In base 4, what is 22310 + -1201232032?
-1201203122
In base 3, what is 1010 - 2120100002011?
-2120100001001
In base 11, what is 116444 + -995?
11555a
In base 11, what is -69a - -127a9?
1210a
In base 2, what is 101001110011001001010 - 1000?
101001110011001000010
In base 4, what is 30 + -11203213203?
-11203213113
In base 8, what is 612 + -1723670?
-1723056
In base 8, what is 3 + -61461353?
-61461350
In base 9, what is 27 - -6732865?
6733003
In base 15, what is 6 + 5b0e6c?
5b0e73
In base 16, what is 2a57d + 40?
2a5bd
In base 14, what is -1 - 979d127?
-979d128
In base 5, what is 14123324 - 12333?
14110441
In base 10, what is -10380 + -1084?
-11464
In base 14, what is 474 + 1cc6a?
1d300
In base 10, what is 22981955 - 0?
22981955
In base 2, what is -11001100000011 - -100001101000?
-10101010011011
In base 10, what is -44957503 - 1?
-44957504
In base 15, what is -6caa19 - 67?
-6caa81
In base 9, what is -22125 + -1767?
-24003
In base 14, what is -45 + bd54b?
bd506
In base 9, what is -45 - -5357512?
5357456
In base 16, what is -18bd35 - -10?
-18bd25
In base 7, what is -13455 - -521?
-12634
In base 16, what is -1 + -69ba94?
-69ba95
In base 9, what is -4 - -1517876?
1517872
In base 7, what is 100 - -140400?
140500
In base 4, what is 21313011321 - -321?
21313012302
In base 13, what is -a2b3 + b6b?
-9445
In base 7, what is -10352 - -12312?
1630
In base 15, what is 1065 + 1d1ed?
1e263
In base 6, what is 102313523 - -142?
102314105
In base 7, what is -266 + -3146?
-3445
In base 9, what is 84462724 - 4?
84462720
In base 7, what is -3401 - 161164?
-164565
In base 2, what is 101100 + 1010101010110010000?
1010101010110111100
In base 16, what is 4 - -5e558d5?
5e558d9
In base 12, what is -3 - -3751041?
375103a
In base 14, what is -8d + -269b?
-274a
In base 16, what is -7 - -1b90e4?
1b90dd
In base 8, what is -10111625 + -5?
-10111632
In base 7, what is -151 + -142403223?
-142403404
In base 12, what is -3206 + 774?
-2652
In base 3, what is 210001220220222 + 0?
210001220220222
In base 10, what is -15796 + -531?
-16327
In base 9, what is 535 - 544053?
-543417
In base 14, what is -6 + 116c9bb?
116c9b5
In base 10, what is 47258290 + -43?
47258247
In base 6, what is -40403 + 252330?
211523
In base 16, what is -3a - -2aa4df?
2aa4a5
In base 16, what is 1 + 3960a23?
3960a24
In base 3, what is -122201 + 1210121202202?
1210121010001
In base 13, what is 399 - -18849?
18c15
In base 8, what is -5355635 - 3?
-5355640
In base 7, what is 33401206 + 4?
33401213
In base 12, what is 89 - 10634a?
-106281
In base 4, what is 12221231 + -110231?
12111000
In base 9, what is -1 + 5265166?
5265165
In base 7, what is 363533426 - -3?
363533432
In base 8, what is -5053353 - -774?
-5052357
In base 7, what is 60046646 - -4?
60046653
In base 3, what is 1222121120021 - 221?
1222121112100
In base 6, what is 33423 - -415240?
453103
In base 12, what is -1a295885 - 5?
-1a29588a
In base 9, what is 2775012 - -3?
2775015
In base 15, what is 4 + -5093be?
-5093ba
In base 12, what is -1 + -4bb9572?
-4bb9573
In base 2, what is 1101001010 - -1111111111110000101?
10000000001011001111
In base 9, what is 5 + -345617?
-345612
In base 10, what is -15 - -808739?
808724
In base 10, what is 238655 + -45?
238610
In base 9, what is -235616061 + -13?
-235616074
In base 16, what is 5 - -2259f6?
2259fb
In base 15, what is -e1d1d - b9?
-e1dd7
In base 9, what is 2 - -114816188?
114816201
In base 2, what is 10111011010101 - 1?
10111011010100
In base 3, what is -2022 + -2120001112000?
-2120001121022
In base 13, what is 4a362 - -93?
4a425
In base 10, what is -34614 + -2216?
-36830
In base 12, what is 0 - -232a761a?
232a761a
In base 14, what is -2 - -16338d?
16338b
In base 9, what is -13711 + 301?
-13410
In base 16, what is -80 - -377b?
36fb
In base 3, what is -21 + 10200211122?
10200211101
In base 14, what is -4c2dd1 - -1?
-4c2dd0
In base 7, what is 3 + 34554514?
34554520
In base 2, what is 10101011000101101 + 10111011?
10101011011101000
In base 4, what is 3 + -12122133012?
-12122133003
In base 9, what is 3276331 + -164?
3276156
In base 6, what is -1014331352 - 5?
-1014331401
In base 14, what is 43d681 - 21?
43d660
In base 6, what is -134234210 + -10?
-134234220
In base 13, what is -32013258 - -1?
-32013257
In base 16, what is -5 - -3ce274?
3ce26f
In base 13, what is 65c6 - -1732?
8028
In base 4, what is 222 + 13020113113?
13020120001
In base 16, what is -23f - -1e8?
-57
In base 14, what is -5 - b8c323?
-b8c328
In base 13, what is 7b + -256a81?
-256a03
In base 15, what is -7 + 32b716b?
32b7164
In base 10, what is -2 + -51723373?
-51723375
In base 16, what is 12e26c80 - -5?
12e26c85
In base 9, what is -3312457 - -37?
-3312420
In base 14, what is -2 - -168a2856?
168a2854
In base 10, what is 857628 + 97?
857725
In base 16, what is -3e8967b + -4?
-3e8967f
In base 7, what is 44 - 14261300?
-14261223
In base 10, what is -4 + -83342?
-83346
In base 3, what is -11010 - -12211220220020?
12211220202010
In base 6, what is -121 + -5124142?
-5124303
In base 5, what is -22 - 3224024001?
-3224024023
In base 5, what is 31 + -123411211?
-123411130
In base 15, what is -5 + 410318d?
4103188
In base 14, what is 4 - -100a1469?
100a146d
In base 16, what is -4 + 1523ec3?
1523ebf
In base 8, what is 11206205 + 7?
11206214
In base 6, what is 1503 + -1503500?
-1501553
In base 8, what is 67677566 - 5?
67677561
In base 3, what is 0 - -212000202110210?
212000202110210
In base 5, what is -22240320 + -2?
-22240322
In base 8, what is 35025656 + 0?
35025656
In base 15, what is -2c2a + 1bde?
-103b
In base 2, what is -111010010011110 + -110110010111?
-1000001000110101
In base 10, what is 2080180 + -32?
2080148
In base 5, what is -33 + 24014343?
24014310
In base 12, what is -23 + -1622b6?
-162319
In base 6, what is 5543 + -155520?
-145533
In base 11, what is 1779 - 2325?
-657
In base 10, what is 25963 - 7608?
18355
In base 16, what is -8 + -3a557?
-3a55f
In base 6, what is -101225 - -11500?
-45325
In base 14, what is 878689 + 4?
87868d
In base 9, what is -1435726 - 33?
-1435760
In base 13, what is -6152 - -1470?
-49b2
In base 12, what is 2 + 1450869b?
145086a1
In base 6, what is -115 + -451552513?
-451553032
In base 9, what is -3031 - -38?
-2882
In base 10, what is 2362936 + -13?
2362923
In base 5, what is 201123 + 21442?
223120
In base 6, what is -100214311 - 1?
-100214312
In base 8, what is 3 + 143300306?
143300311
In base 2, what is 10110110 + 100110010?
111101000
In base 9, what is 16586 + 341?
17037
In base 7, what is 1544614515 + 25?
1544614543
In base 14, what is 2551cc - 1?
2551cb
In base 3, what is -200 + -112102010100121?
-112102010101021
In base 6, what is 1312533 - -342?
1313315
In base 7, what is 32 + -1233234512?
-1233234450
In base 5, what is -213441103012 - 4?
-213441103021
In base 2, what is 10010010100001 - -11101001011001?
101111011111010
In base 14, what is -b24d25 + 4?
-b24d21
In base 11, what is -11999 - 23a00?
-35899
In base 3, what is -102012000021 + -21111?
-102012021202
In base 9, what is 5806417 - 34?
5806373
In base 12, what is 5aab + -5973?
138
In base 15, what is -4d0 + 3b6b?
368b
In base 10, what is 5 + 5823959?
5823964
In base 3, what is -111212001010 - -210?
-111212000100
In base 12, what is 10 - -4250568?
4250578
In base 7, what is 10664 + 21520?
32514
In base 16, what is 333 - 14d2?
-119f
In base 14, what is -6 - cbaa3?
-cbaa9
In base 8, what is 4 - -1010321477?
1010321503
In base 3, what is 2110002111111202 + 112?
2110002111112021
In base 11, what is 4 + 2209297?
22092a0
In base 14, what is -4b111 + dd?
-4b012
In base 15, what is 50b11e + -10?
50b10e
In base 6, what is 151225 - 22423?
124402
In base 14, what is 74924 + b4?
749d8
In base 16, what is 40db196 - -5?
40db19b
In base 8, what is 5 - 102646351?
-102646344
In base 7, what is -100344131 - 1?
-100344132
In base 13, what is 172b4453 - 0?
172b4453
In base 10, what is 2 + -19799097?
-19799095
In base 13, what is 266248 + 10?
266258
In base 11, what is 1658a53 + -4?
1658a4a
In base 3, what is 110 + 22020222002?
22020222112
In base 15, what is 2 - -dd6cde?
dd6ce1
